{"id":160,"date":"2023-12-09T12:23:32","date_gmt":"2023-12-09T11:23:32","guid":{"rendered":"http:\/\/vttvalessonne.fr\/?page_id=160"},"modified":"2025-09-01T20:12:42","modified_gmt":"2025-09-01T18:12:42","slug":"trial","status":"publish","type":"page","link":"https:\/\/vttvalessonne.fr\/index.php\/trial\/","title":{"rendered":"TRIAL"},"content":{"rendered":"<div data-colibri-id=\"160-c1\" class=\"style-219 style-local-160-c1 position-relative\">\n  <!---->\n  <div data-colibri-component=\"section\" data-colibri-id=\"160-c2\" id=\"initial-content\" class=\"h-section h-section-global-spacing d-flex align-items-lg-center align-items-md-center align-items-center style-220 style-local-160-c2 position-relative\">\n    <!---->\n    <!---->\n    <div class=\"h-section-grid-container h-section-boxed-container\">\n      <!---->\n      <div data-colibri-id=\"160-c3\" class=\"h-row-container gutters-row-lg-2 gutters-row-md-2 gutters-row-0 gutters-row-v-lg-2 gutters-row-v-md-2 gutters-row-v-2 style-293 style-local-160-c3 position-relative\">\n        <!---->\n        <div class=\"h-row justify-content-lg-center justify-content-md-center justify-content-center align-items-lg-stretch align-items-md-stretch align-items-stretch gutters-col-lg-2 gutters-col-md-2 gutters-col-0 gutters-col-v-lg-2 gutters-col-v-md-2 gutters-col-v-2\">\n          <!---->\n          <div class=\"h-column h-column-container d-flex h-col-lg-auto h-col-md-auto h-col-auto style-294-outer style-local-160-c4-outer\">\n            <div data-colibri-id=\"160-c4\" class=\"d-flex h-flex-basis h-column__inner h-px-lg-2 h-px-md-2 h-px-2 v-inner-lg-2 v-inner-md-2 v-inner-2 style-294 style-local-160-c4 position-relative\">\n              <!---->\n              <!---->\n              <div class=\"w-100 h-y-container h-column__content h-column__v-align flex-basis-100 align-self-lg-start align-self-md-start align-self-start\">\n                <!---->\n                <div data-colibri-id=\"160-c5\" class=\"h-text h-text-component style-295 style-local-160-c5 position-relative h-element\">\n                  <!---->\n                  <!---->\n                  <div class=\"\">\n                    <p>Entrainements tous les samedi-apr\u00e8s midi (hors vacances scolaires) sur le terrain situ\u00e9 \u00e0 l&rsquo;arri\u00e8re du complexe sportif de Cerny.<\/p>\n                  <\/div>\n                <\/div>\n              <\/div>\n            <\/div>\n          <\/div>\n        <\/div>\n      <\/div>\n      <div data-colibri-id=\"160-c6\" class=\"h-row-container gutters-row-lg-2 gutters-row-md-2 gutters-row-0 gutters-row-v-lg-2 gutters-row-v-md-2 gutters-row-v-2 style-225 style-local-160-c6 position-relative\">\n        <!---->\n        <div class=\"h-row justify-content-lg-center justify-content-md-center justify-content-center align-items-lg-stretch align-items-md-stretch align-items-stretch gutters-col-lg-2 gutters-col-md-2 gutters-col-0 gutters-col-v-lg-2 gutters-col-v-md-2 gutters-col-v-2\">\n          <!---->\n          <div class=\"h-column h-column-container d-flex h-col-lg-auto h-col-md-auto h-col-auto style-226-outer style-local-160-c7-outer\">\n            <div data-colibri-id=\"160-c7\" class=\"d-flex h-flex-basis h-column__inner h-px-lg-2 h-px-md-2 h-px-2 v-inner-lg-2 v-inner-md-2 v-inner-2 style-226 style-local-160-c7 position-relative\">\n              <!---->\n              <!---->\n              <div class=\"w-100 h-y-container h-column__content h-column__v-align flex-basis-100 align-self-lg-start align-self-md-start align-self-start\">\n                <!---->\n                <div data-colibri-id=\"160-c8\" class=\"h-row-container gutters-row-lg-2 gutters-row-md-2 gutters-row-0 gutters-row-v-lg-2 gutters-row-v-md-2 gutters-row-v-2 style-231 style-local-160-c8 position-relative\">\n                  <!---->\n                  <div class=\"h-row justify-content-lg-center justify-content-md-center justify-content-center align-items-lg-stretch align-items-md-stretch align-items-stretch gutters-col-lg-2 gutters-col-md-2 gutters-col-0 gutters-col-v-lg-2 gutters-col-v-md-2 gutters-col-v-2\">\n                    <!---->\n                    <div class=\"h-column h-column-container d-flex h-col-lg-auto h-col-md-auto h-col-auto style-232-outer style-local-160-c9-outer\">\n                      <div data-colibri-id=\"160-c9\" class=\"d-flex h-flex-basis h-column__inner h-px-lg-2 h-px-md-2 h-px-2 v-inner-lg-2 v-inner-md-2 v-inner-2 style-232 style-local-160-c9 position-relative\">\n                        <!---->\n                        <!---->\n                        <div class=\"w-100 h-y-container h-column__content h-column__v-align flex-basis-100 align-self-lg-start align-self-md-start align-self-start\">\n                          <!---->\n                          <div data-colibri-id=\"160-c10\" class=\"h-text h-text-component style-234 style-local-160-c10 position-relative h-element\">\n                            <!---->\n                            <!---->\n                            <div class=\"\">\n                              <p>Moniteur : Pierre\n                                <br>\u00c2ge : \u00c0 partir de 6 ans (3 groupes)\n                                <br>Horaire : 14h30\/17h30 (17h en hiver) le samedi\n                                <br>Equipement : V\u00e9lo de trial + gants + casque + prot\u00e8ges tibias\n                                <br>\n                                <br>Niveaux : 3 groupes, de d\u00e9butant \u00e0 \u00e9lite<\/p>\n                              <p>Objectifs :<\/p>\n                              <p>\u25ba Apprendre, maitriser, perfectionner les techniques de trial, p\u00e9dal\u00e9-frein\u00e9, d\u00e9placements lat\u00e9raux, roue avant\/arri\u00e8re, \u00e9quilibre, franchissement d\u2019obstacles, etc\u2026<\/p>\n                              <p>\u25ba Pr\u00e9paration aux comp\u00e9tions r\u00e9gionales CIRO et nationales.<\/p>\n                              <p>\n                                <br>\n                              <\/p>\n                              <p>\n                                <br>\n                              <\/p>\n                            <\/div>\n                          <\/div>\n                        <\/div>\n                      <\/div>\n                    <\/div>\n                    <div class=\"h-column h-column-container d-flex h-col-lg-auto h-col-md-auto h-col-auto style-233-outer style-local-160-c11-outer\">\n                      <div data-colibri-id=\"160-c11\" class=\"d-flex h-flex-basis h-column__inner h-px-lg-2 h-px-md-2 h-px-2 v-inner-lg-2 v-inner-md-2 v-inner-2 style-233 style-local-160-c11 position-relative\">\n                        <!---->\n                        <!---->\n                        <div class=\"w-100 h-y-container h-column__content h-column__v-align flex-basis-100 align-self-lg-start align-self-md-start align-self-start\">\n                          <!---->\n                          <div data-colibri-id=\"160-c12\" class=\"d-block style-235 style-local-160-c12 position-relative h-element\">\n                            <!---->\n                            <div class=\"h-image__frame-container-outer\">\n                              <div class=\"h-image__frame-container\">\n                                <!---->\n                                <!---->\n                                <img loading=\"lazy\" decoding=\"async\" width=\"283\" height=\"354\" src=\"https:\/\/vttvalessonne.fr\/wp-content\/uploads\/2023\/12\/Image3.jpg\" class=\"wp-image-219 style-235-image style-local-160-c12-image\" alt=\"\" srcset=\"https:\/\/vttvalessonne.fr\/wp-content\/uploads\/2023\/12\/Image3.jpg 283w, https:\/\/vttvalessonne.fr\/wp-content\/uploads\/2023\/12\/Image3-240x300.jpg 240w\" sizes=\"auto, (max-width: 283px) 100vw, 283px\" \/>\n                                <div class=\"h-image__frame h-hide-lg h-hide-md h-hide-sm style-235-frameImage style-local-160-c12-frameImage\"><\/div>\n                              <\/div>\n                            <\/div>\n                          <\/div>\n                        <\/div>\n                      <\/div>\n                    <\/div>\n                  <\/div>\n                <\/div>\n              <\/div>\n            <\/div>\n          <\/div>\n        <\/div>\n      <\/div>\n    <\/div>\n  <\/div>\n<\/div>","protected":false},"excerpt":{"rendered":"<p>Entrainements tous les samedi-apr\u00e8s midi (hors vacances scolaires) sur le terrain situ\u00e9 \u00e0 l&rsquo;arri\u00e8re du complexe sportif de Cerny. Moniteur : Pierre \u00c2ge : \u00c0 partir de 6 ans (3 [&hellip;]<\/p>\n","protected":false},"author":2,"featured_media":0,"parent":0,"menu_order":2,"comment_status":"closed","ping_status":"closed","template":"page-templates\/full-width-page.php","meta":{"footnotes":""},"class_list":["post-160","page","type-page","status-publish","hentry"],"_links":{"self":[{"href":"https:\/\/vttvalessonne.fr\/index.php\/wp-json\/wp\/v2\/pages\/160","targetHints":{"allow":["GET"]}}],"collection":[{"href":"https:\/\/vttvalessonne.fr\/index.php\/wp-json\/wp\/v2\/pages"}],"about":[{"href":"https:\/\/vttvalessonne.fr\/index.php\/wp-json\/wp\/v2\/types\/page"}],"author":[{"embeddable":true,"href":"https:\/\/vttvalessonne.fr\/index.php\/wp-json\/wp\/v2\/users\/2"}],"replies":[{"embeddable":true,"href":"https:\/\/vttvalessonne.fr\/index.php\/wp-json\/wp\/v2\/comments?post=160"}],"version-history":[{"count":9,"href":"https:\/\/vttvalessonne.fr\/index.php\/wp-json\/wp\/v2\/pages\/160\/revisions"}],"predecessor-version":[{"id":1097,"href":"https:\/\/vttvalessonne.fr\/index.php\/wp-json\/wp\/v2\/pages\/160\/revisions\/1097"}],"wp:attachment":[{"href":"https:\/\/vttvalessonne.fr\/index.php\/wp-json\/wp\/v2\/media?parent=160"}],"curies":[{"name":"wp","href":"https:\/\/api.w.org\/{rel}","templated":true}]}}